16?
141
In base 2, what is 1101010111000100 + 100?
1101010111001000
In base 14, what is -7a8 - 13?
-7bb
In base 12, what is 962 - -156?
ab8
In base 12, what is -33808 + -6?
-33812
In base 8, what is 0 - 4442?
-4442
In base 12, what is 1133 - -13?
1146
In base 5, what is 21 + -1003?
-432
In base 5, what is 10 + -12033300?
-12033240
In base 4, what is -12120030 + 101?
-12113323
In base 4, what is 22 - -221303121?
221303203
In base 5, what is 4320 + 24123?
33443
In base 13, what is -2 + 143a1?
1439c
In base 15, what is 32a9d + 2?
32aa0
In base 5, what is 40 + 31321?
31411
In base 15, what is -5ae03 - -7?
-5adeb
In base 11, what is 10 - 8541?
-8531
In base 10, what is -117522 + -4?
-117526
In base 2, what is 10 + -1110101101001?
-1110101100111
In base 2, what is -10011 + 1101011101010?
1101011010111
In base 6, what is 33303 + 13?
33320
In base 12, what is 24 - 95a?
-936
In base 15, what is -be84c + -a?
-be857
In base 12, what is aa9 - 15?
a94
In base 2, what is 11010110111 - 1011100?
11001011011
In base 13, what is 7 + 48?
52
In base 8, what is -12 + 2566?
2554
In base 4, what is 23 + 22130?
22213
In base 9, what is -63 + 71?
7
In base 6, what is 10 - 50034?
-50024
In base 16, what is -40b17 + -1?
-40b18
In base 3, what is -2 - -2101120201?
2101120122
In base 2, what is 10010110111101000111001 - 11?
10010110111101000110110
In base 12, what is 2716 + -614?
2102
In base 11, what is 3 - 1384a?
-13847
In base 6, what is -230104 - 5?
-230113
In base 3, what is 211 - -1020221012?
1020222000
In base 3, what is -11 + -2222111002?
-2222111020
In base 6, what is 12 - -25134?
25150
In base 3, what is -221112201 + -2?
-221112210
In base 9, what is -3865 - 15?
-3881
In base 15, what is 27 - -81c?
844
In base 4, what is -2 + 212011?
212003
In base 5, what is -2231403 + 4?
-2231344
In base 6, what is -1343044 + 5?
-1343035
In base 7, what is -11 + -1263301?
-1263312
In base 14, what is 445 + aa?
511
In base 5, what is -103240 - 212?
-104002
In base 5, what is -2114221 - 0?
-2114221
In base 7, what is -4121 + 502?
-3316
In base 15, what is -1 + -48a3e?
-48a40
In base 4, what is 10211 - 3303?
302
In base 9, what is -2405 + 0?
-2405
In base 4, what is -1101 - -33332?
32231
In base 2, what is 1101000001 + -100111?
1100011010
In base 6, what is 3505540 + -4?
3505532
In base 4, what is 3000 - -211313?
220313
In base 10, what is -36591 + -6?
-36597
In base 4, what is -1130 - -20110?
12320
In base 8, what is -1122 + -1?
-1123
In base 5, what is -1324 + -24?
-1403
In base 9, what is -542313 - 1?
-542314
In base 2, what is -1000 - 10000010110?
-10000011110
In base 16, what is 5b9 + 2?
5bb
In base 15, what is 5 - a304d?
-a3048
In base 13, what is 0 - -51c6?
51c6
In base 10, what is -8908 - 0?
-8908
In base 15, what is -113b2 - 6?
-113b8
In base 9, what is 101 + -731?
-630
In base 2, what is -1010000011010100100 - -11?
-1010000011010100001
In base 12, what is -19201b + 0?
-19201b
In base 8, what is -15 - -1050125?
1050110
In base 11, what is -139 - 18?
-156
In base 15, what is -20 + 23c6d?
23c4d
In base 6, what is -3 + 130424?
130421
In base 16, what is -17 + -a8d?
-aa4
In base 8, what is -3 + -31052?
-31055
In base 15, what is 4d5b4 + 0?
4d5b4
In base 7, what is -50 - -152202?
152122
In base 2, what is 1 - -10000100111110?
10000100111111
In base 3, what is 1112200220 - -12211?
1112220201
In base 3, what is -1 + 1112220210?
1112220202
In base 6, what is 21 + -205020?
-204555
In base 12, what is 21 - -11b?
140
In base 2, what is 1100100010 + 1010011?
1101110101
In base 4, what is -1201013 - -312?
-1200101
In base 16, what is b6b - 41?
b2a
In base 5, what is -124 + 104334?
104210
In base 3, what is 1011 - -22210?
100221
In base 7, what is -152541 - 3?
-152544
In base 8, what is 63623 + 120?
63743
In base 9, what is -3 + 3284?
3281
In base 2, what is 111110011 - 1110001?
110000010
In base 7, what is -122 - -4?
-115
In base 4, what is -122 + -21133?
-21321
In base 15, what is -1a10 - -8?
-1a07
In base 7, what is 1 - -453300?
453301
In base 7, what is -1620521 + -6?
-1620530
In base 4, what is 10 - -1311033?
1311103
In base 9, what is -4 - -430473?
430468
In base 16, what is 4b4d - 2?
4b4b
In base 15, what is -b4d2 + -28?
-b50a
In base 14, what is -6054a - 3?
-6054d
In base 4, what is 112211002 + -2?
112211000
In base 9, what is -300337 + 1?
-300336
In base 14, what is 4 + -aa19?
-aa15
In base 2, what is -10100100111 + 111?
-10100100000
In base 10, what is -382 - -30?
-352
In base 10, what is 4 - 38767?
-38763
In base 11, what is 3781 - -17?
3798
In base 13, what is -74 + -b4?
-158
In base 2, what is 1100 - 1001000111?
-1000111011
In base 8, what is -1153 - 10714?
-12067
In base 4, what is -12 - -3131020?
3131002
In base 6, what is 3 - -400042?
400045
In base 6, what is -150 - -541335?
541145
In base 12, what is 66 - 339?
-293
In base 4, what is -323 + -12102?
-13031
In base 7, what is -5264051 + 5?
-5264043
In base 13, what is -21a - a040?
-a25a
In base 14, what is 8 - 648?
-640
In base 3, what is 1 - -2201220011?
2201220012
In base 3, what is 22 - 120222210?
-120222111
In base 10, what is 23 + 55395?
55418
In base 4, what is -2331311 + -11321?
-3003232
In base 2, what is 1001100001001 - 1001?
1001100000000
In base 6, what is 50 - 3233?
-3143
In base 10, what is 61 - 54927?
-54866
In base 2, what is -11100011010001 + 1001?
-11100011001000
In base 5, what is 33143 - -114?
33312
In base 5, what is 44 - 312030?
-311431
In base 10, what is -14 - -13246?
13232
In base 16, what is 1b76ab + 1?
1b76ac
In base 13, what is -3c + -233?
-272
In base 15, what is -996 - b8?
-a5e
In base 8, what is 2 - -206406?
206410
In base 5, what is -131020 - 40?
-131110
In base 14, what is -bb1 - -3?
-bac
In base 12, what is 15b + 290?
42b
In base 6, what is -333 - -445104?
444331
In base 5, what is 303 + -1421234?
-1420431
In base 16, what is 1c + 36e5?
3701
In base 10, what is -2 + -39865?
-39867
In base 13, what is 5311 - 2b?
52b3
In base 13, what is -3 + aa284?
aa281
In base 4, what is -22132 - -1111?
-21021
In base 3, what is -1102000220211 - -2?
-1102000220202
In base 3, what is -212 + -200000?
-200212
In base 12, what is -217b + 7?
-2174
In base 2, what is 110000 + 101101?
1011101
In base 5, what is -104433 + -2?
-104440
In base 13, what is -186148 + -2?
-18614a
In base 5, what is -124321302 - -2?
-124321300
In base 7, what is 315053 - 1?
315052
In base 11, what is -6191 - 11?
-61a2
In base 10, what is 2 - -79544?
79546
In base 4, what is 103311 + -32?
103213
In base 6, what is -1040353 - -1?
-1040352
In base 5, what is 1423 + 1023?
3001
In base 13, what is -3a963a + -3?
-3a9640
In base 5, what is -3 - -4132130?
4132122
In base 16, what is 9035 - 1?
9034
In base 9, what is -150758 - -2?
-150756
In base 10, what is 3885 - 9?
3876
In base 12, what is 1 + 2a56?
2a57
In base 8, what is -10 + 74320?
74310
In base 13, what is 273 - 82a?
-587
In base 5, what is 3 - -120303241?
120303244
In base 6, what is 304 - 11022?
-10314
In base 6, what is -44422 + 12?
-44410
In base 9, what is 371607 - 16?
371581
In base 8, what is 232454 - 64?
232370
In base 9, what is 10 + 5075?
5085
In base 14, what is 35 - -2dc?
333
In base 9, what is -516007 + -2?
-516010
In base 3, what is -101001 + 120120?
12112
In base 16, what is -31 - -1e2?
1b1
In base 2, what is 0 - -1010110000101?
1010110000101
In base 7, what is 1 - -36125?
36126
In base 16, what is -b0 - -1442?
1392
In base 10, what is -2 + 2683?
2681
In base 6, what is -13012114 - 2?
-13012120
In base 9, what is 106376 - -2?
106378
In base 9, what is -112728 + 1?
-112727
In base 11, what is 317 + -7611?
-72a5
In base 8, what is -2712263 - 4?
-2712267
In base 7, what is 460065 - 6?
460056
In base 3, what is -120201 + 1010?
-112121
In base 6, what is 331442023 - -4?
331442031
In base 9, what is 15 - 2537?
-2522
In base 2, what is 10101101011 + -1101?
10101011110
In base 7, what is -141265 - 23?
-141321
In base 10, what is 108347 + -3?
108344
In base 14, what is -17808 - -1?
-17807
In base 15, what is 50c - -26?
533
In base 2, what is 1 + 101011010110011110?
101011010110011111
In base 14, what is -249 - 23?
-26c
In base 6, what is 310 - 551?
-241
In base 4, what is -2 + 11003030?
11003022
In base 15, what is -2 - -c30?
c2d
In base 10, what is -448 + -49?
-497
In bas